
-17
Let o(d) = 2*d**2 + d - 6. What is o(-4)?
22
Let p(x) = x**3 - 8*x**2 + 6*x + 5. Give p(5).
-40
Let s(g) = 2*g**2 + 46*g + 242. Calculate s(-15).
2
Let k(h) = h**2 - 14*h + 83. Calculate k(11).
50
Let t(b) = -16*b - 2. Calculate t(-1).
14
Let u(t) = 6*t - 40. Determine u(12).
32
Let x(o) = -o**2 - 3*o + 28. Determine x(-8).
-12
Let n(z) = 6*z**2 - 4*z + 4. What is n(3)?
46
Let r(i) = 3*i**2 - 4*i + 2. Calculate r(2).
6
Let n(h) = -h**2 - 6*h - 6. Determine n(-4).
2
Let j(s) = 3*s**3 - s**2 - 2*s + 3. Give j(1).
3
Let s(a) = 2*a**2 - 2. Give s(1).
0
Let l(i) = 2*i + 16. Give l(-13).
-10
Let t(y) = -13*y - 26. Give t(-5).
39
Let q(m) = -m**3 + 7*m**2 + 2*m - 5. Give q(7).
9
Let s(y) = -y**3 + 7*y**2 + 8*y + 6. Give s(8).
6
Let o(g) = g**3 - g + 1. What is o(2)?
7
Let u(v) = 5*v. Calculate u(-1).
-5
Let t(l) = 133*l - 799. Determine t(6).
-1
Let h(j) = -j**2 + 20*j + 16. Calculate h(18).
52
Let q(m) = -4*m**2 + 49*m + 23. Calculate q(13).
-16
Let f(x) = -3*x**3 - 3*x**2 - 6*x - 13. Calculate f(-3).
59
Let k(n) = -2*n**3 + 8*n**2 + 2*n + 5. Give k(4).
13
Let d(c) = -c. Determine d(-7).
7
Let p(w) = w**3 - w**2 - 4*w - 4. Calculate p(-2).
-8
Let q(c) = -3*c - 25. Calculate q(-2).
-19
Let c(g) = -2*g**3 - 15*g**2 + 4*g - 21. Give c(-8).
11
Let l(m) = 12*m - 66. Determine l(3).
-30
Let i(c) = 8*c + 58. Calculate i(-13).
-46
Let d(n) = n**2 + 21*n + 67. Calculate d(-21).
67
Let u(f) = 16*f**2 + 9*f + 7. What is u(-3)?
124
Let m(y) = -3*y + 85. Calculate m(10).
55
Let v(u) = -u**2 - 25*u - 51. Give v(-23).
-5
Let t(x) = 9*x**3 - 4*x - 3. Determine t(-1).
-8
Let l(o) = 4*o**3 - 3*o**2 - 14*o + 28. Calculate l(2).
20
Let t(q) = 2*q**3 - 45*q**2 + 19*q + 71. Calculate t(22).
5
Let p(i) = -11*i + 80. Give p(8).
-8
Let y(m) = -3*m + 8. Give y(-3).
17
Let i(z) = -z**2 + 12*z - 9. Determine i(9).
18
Let h(b) = -6*b**3 - b**2 + b. Determine h(1).
-6
Let g(n) = -n**3 - 8*n**2 + 3*n + 4. Calculate g(-8).
-20
Let y(t) = 49*t - 97. Calculate y(2).
1
Let s(y) = y + 12. Calculate s(5).
17
Let t(m) = -m**2 + 21*m - 47. Give t(2).
-9
Let i(x) = 12*x - 6. What is i(1)?
6
Let a(s) = -2*s**3 - 5*s**2 + s. Determine a(-4).
44
Let x(l) = l**3 + 5*l**2 - 4*l - 5. Give x(-4).
27
Let f(z) = z**2 + 13*z + 35. Calculate f(-9).
-1
Let p(b) = -3*b**3 - b**2 + 3*b - 2. Calculate p(1).
-3
Let k(z) = -3*z + 6. Give k(1).
3
Let m(u) = -u**2 + 2*u + 4. What is m(4)?
-4
Let z(o) = 64*o - 45. Determine z(2).
83
Let s(z) = -z**3 - 5*z**2 - 2*z + 1. Give s(-6).
49
Let o(x) = x**3 - 11*x**2 + 19*x + 28. Give o(9).
37
Let n(u) = u + 30. What is n(-33)?
-3
Let i(a) = 9*a - 95. Give i(10).
-5
Let u(h) = h**3 + 3*h**2 - h + 2. What is u(-3)?
5
Let r(v) = 3*v + 12. What is r(5)?
27
Let f(m) = -m**3 - 6*m**2 - 4*m. Determine f(-5).
-5
Let i(g) = 3*g**2 + 138*g + 383. Give i(-43).
-4
Let z(m) = -6*m. Calculate z(1).
-6
Let k(l) = l - 29. Give k(17).
-12
Let a(j) = j**2 + 9*j + 11. Give a(-7).
-3
Let j(c) = c**3 - c**2 - 4*c - 17. Give j(5).
63
Let x(r) = r**2 - 16. Give x(-5).
9
Let s(z) = 10*z - 128. Determine s(12).
-8
Let f(g) = 3*g - 8. Give f(4).
4
Let w(a) = -a**2 + 27*a + 285. Give w(-8).
5
Let r(x) = 4*x**2 - 24*x + 32. Give r(5).
12
Let r(m) = m**2 + 21*m + 87. Calculate r(-10).
-23
Let u(a) = -208*a - 1245. Calculate u(-6).
3
Let b(y) = -167*y**2 + 4*y - 3. Give b(1).
-166
Let m(f) = f**3 - 7*f**2 + 13. Give m(7).
13
Let l(a) = a**3 - 22*a**2 + 19*a + 33. Give l(21).
-9
Let h(u) = 5*u - 63. Determine h(-11).
-118
Let v(c) = 66*c**3 - 2*c**2 + 1. Give v(1).
65
Let m(v) = -v**3 - 7*v**2 + 10*v + 3. Give m(-4).
-85
Let d(w) = w**2 + 19*w + 21. What is d(-26)?
203
Let r(w) = 2*w + 17. Give r(0).
17
Let m(u) = u**2 - 23*u + 43. Calculate m(21).
1
Let j(u) = u + 1. What is j(5)?
6
Let n(v) = v - 21. Give n(0).
-21
Let u(s) = -13*s + 14. What is u(1)?
1
Let j(u) = -34*u + 317. Determine j(9).
11
Let x(b) = b + 13. Calculate x(6).
19
Let j(i) = -i**3 + 30*i**2 - 22*i - 55. Calculate j(29).
148
Let n(f) = -7*f + 46. Give n(7).
-3
Let p(v) = -v + 9. Calculate p(7).
2
Let x(s) = s**2 - 9*s + 15. Give x(7).
1
Let t(o) = -3*o - 12. Give t(5).
-27
Let o(j) = -j**2 + 6*j + 7. Calculate o(5).
12
Let k(q) = -36*q + 1229. Calculate k(34).
5
Let b(v) = v**3 - 11*v**2 - 10*v - 44. Calculate b(12).
-20
Let r(o) = 8*o + 40. What is r(-6)?
-8
Let h(u) = 2*u**3 + 3*u**2 - 4*u + 1. Give h(-3).
-14
Let a(t) = -t**3 - 6*t**2 + 18*t + 25. Determine a(-8).
9
Let w(d) = -35*d - 2. Give w(1).
-37
Let o(s) = 2*s - 31. Determine o(16).
1
Let i(a) = -3*a - 1. Determine i(2).
-7
Let f(k) = 10*k**2 + 58*k - 7. Calculate f(-6).
5
Let m(r) = 2*r**3 - 26*r**2 - 7*r. Determine m(13).
-91
Let u(b) = 4*b - 3. Determine u(7).
25
Let n(s) = 2*s**3 + 25*s**2 + 11*s - 2. What is n(-12)?
10
Let d(s) = 2*s + 13. Give d(15).
43
Let b(v) = 2*v**2 - 10*v + 17. Determine b(4).
9
Let q(u) = -u**2 - u. What is q(-2)?
-2
Let b(u) = -9*u**2 - 4*u - 3. What is b(-3)?
-72
Let d(b) = -12*b**2 - 5*b + 1. Give d(-3).
-92
Let n(o) = -o**3 + 11*o**2 - 10*o - 3. Calculate n(10).
-3
Let v(t) = 17*t + 56. What is v(-3)?
5
Let u(a) = a**3 - a**2 - 24*a + 48. Give u(2).
4
Let b(v) = 6*v**3 + 1. Determine b(-1).
-5
Let t(r) = -3*r**3 + 12*r**2 - 3*r + 10. Calculate t(4).
-2
Let k(p) = -p**3 - 7*p**2 + 5*p - 1. What is k(-6)?
-67
Let q(r) = r**3 + 38*r**2 - 37*r + 80. Determine q(-39).
2
Let c(b) = -6*b - 50. Calculate c(-12).
22
Let t(y) = -5*y + 4. What is t(5)?
-21
Let s(h) = 2*h + 11. Give s(-5).
1
Let c(f) = -f**2 + 3*f - 5. Determine c(6).
-23
Let g(s) = -s**3 - 3*s**2 + 2. Calculate g(-2).
-2
Let i(k) = -11*k**2 + 188*k - 22. Calculate i(17).
-5
Let s(h) = -h - 2. Calculate s(-6).
4
Let g(y) = -y**2 - 2*y + 12. Give g(8).
-68
Let u(t) = 2*t**3 - 3*t**2 - t - 3. Give u(4).
73
Let r(g) = 2*g**2 - 27*g + 17. Determine r(12).
-19
Let i(y) = y**2 - 13*y - 34. Give i(-9).
164
Let x(l) = -l**2 - 8*l - 9. What is x(-8)?
-9
Let r(g) = -g**2 + 12*g + 16. Give r(12).
16
Let b(g) = -4*g - 18. Determine b(-3).
-6
Let f(t) = -t**3 + 33*t**2 + 37*t - 122. Give f(34).
-20
Let r(w) = -15*w**3 + 9*w + 9. Give r(-1).
15
Let t(b) = b**3 - 2*b**2 - 10*b + 20. Give t(5).
45
Let d(j) = j**3 + 15*j**2 + 16*j + 8. What is d(-13)?
138
Let l(g) = -6*g - 7. Give l(5).
-37
Let w(d) = -7*d + 117. Calculate w(17).
-2
Let t(w) = -41*w**2 + w - 1. What is t(1)?
-41
Let y(h) = h**2 - 8*h + 1. Determine y(5).
-14
Let t(g) = 126*g**2 + 6*g + 5. What is t(-1)?
125
Let j(u) = -2*u - 26. What is j(-14)?
2
Let f(b) = b**3 + 19*b**2 + 47*b - 28. Calculate f(-16).
-12
Let u(f) = -f**3 + 8*f**2 - 8*f - 6. Determine u(4).
26
Let g(s) = -3*s - 7. Calculate g(-7).
14
Let x(a) = -a**3 + 4*a**2 - a - 4. Give x(4).
-8
Let b(a) = a + 20. Give b(-19).
1
Let k(f) = -f**2 - 12*f + 2. What is k(-12)?
2
Let h(b) = 8*b**2 + b - 4. Determine h(-2).
26
Let q(w) = -2*w**2 - 32*w + 59. Give q(2).
-13
Let i(n) = -n + 4. Calculate i(-3).
7
Let a(c) = -c**2 - 6*c - 1. Give a(-6).
-1
Let m(n) = -n**3 + 4*n**2 - 2*n - 2. Calculate m(4).
-10
Let k(w) = -4*w - 3. Determine k(-5).
17
Let n(o) = -29*o**3 - 2*o - 1. Determine n(-1).
30
Let n(w) = w**3 - 27*w**2 + 29*w - 65. What is n(26)?
13
Let n(m) = -5*m + 14. Give n(10).
-36
Let v(x) = x**3 - 5*x**2 + 5*x - 7. Calculate v(4).
-3
Let y(k) = 3*k + 15. What is y(5)?
30
Let x(s) = 2*s**3 - 12*s**2 - 5*s + 22. What is x(5)?
-53
Let i(y) = -y**2 + 7*y + 1. What is i(6)?
7
Let g(p) = -5*p - 6. What is g(-13)?
59
Let s(t) = t**2 + 9*t + 28. Determine s(-4).
8
Let f(m) = m**2 - 15*m - 90. Calculate f(-5).
10
Let o(d) = -d**3 + 4*d**2 + 4*d - 1. Determine o(4).
15
Let q(y) = -6*y - 32. What is q(-10)?
28
Let j(w) = -21*w**3 + 3*w**2 - 1. Give j(1).
-19
Let m(r) = -r**3 - 23*r**2 + 110*r + 46. Calculate m(-27).
-8
Let u(f) = 9*f + 23. What is u(-6)?
-31
Let k(y) = y**3 - 7*y**2 - 9*y - 8. Give k(8).
-16
Let j(c) = c**3 - 5*c**2 + 5*c - 6. What is j(4)?
-2
Let k(w) = -2*w**3 + 3*w**2 - 2. What is k(2)?
-6
Let s(f) = -f**2 + 7*f + 3. Calculate s(7).
3
Let q(b) = b**3 + 2*b**2 - 10*b - 8. Give q(0).
-8
Let o(t) = t**2 - 4*t - 22. Determine o(13).
95
Let q(u) = -u**2 - 6*u - 4. What is q(-3)?
5
Let s(y) = -y**3 - 10*y**2 - 3*y - 21. What is s(-10)?
9
Let m(w) = w**2 + 23*w + 136. Determine m(-10).
6
Let i(h) = -h - 12. Give i(-6).
-6
Let a(j) = j**2 + 6*j - 5. Determi